 is u(-20)?
64
Let k(j) = j**3 - 5*j**2 - j - 6. Determine k(5).
-11
Let q(a) = -a. What is q(22)?
-22
Let p(j) = j**2 - 2*j - 11. What is p(5)?
4
Let a(y) = -2*y - 33. What is a(-20)?
7
Let n(b) = b**3 - 5*b**2 + 5*b - 10. What is n(3)?
-13
Let y(v) = -v + 13. What is y(6)?
7
Let i(w) = w**2 - 4*w - 18. Calculate i(6).
-6
Let m(k) = -k**2 + 5*k + 3. What is m(5)?
3
Let m(u) = -u + 19. What is m(18)?
1
Let u(j) = -j**2 + 11*j + 4. Determine u(5).
34
Let i(b) = b**2 - 7*b + 10. What is i(8)?
18
Let s(m) = 4*m**2 - 5*m + 6. Calculate s(-5).
131
Let o(p) = p**3 + 7*p**2 + 5*p - 10. Determine o(-6).
-4
Let g(x) = -6*x**2 + x - 3. What is g(2)?
-25
Let k(v) = 2*v**3 - 14*v**2 + 6*v + 10. Give k(6).
-26
Let s(x) = x**3 + 9*x**2 + 6*x + 27. Give s(-9).
-27
Let o(x) = x**3 - 7*x**2 + 6*x - 10. What is o(7)?
32
Let y(c) = 4*c + 3. Give y(2).
11
Let o(f) = f**2 - f - 13. What is o(0)?
-13
Let a(n) = -n + 17. Give a(8).
9
Let a(g) = 3*g**2 - 9*g + 6. Give a(3).
6
Let w(y) = 7*y**2 + 4. Calculate w(2).
32
Let p(i) = i**3 - 10*i**2 - 4*i + 43. What is p(10)?
3
Let s(j) = -15*j - 26. What is s(-1)?
-11
Let y(b) = 2*b**2 - 51*b - 311. What is y(-5)?
-6
Let a(t) = -4*t + 19. Calculate a(9).
-17
Let v(p) = 2*p**2 + 12*p + 45. What is v(-6)?
45
Let k(z) = -57*z - 344. Give k(-6).
-2
Let f(i) = -i**2 - 18*i - 51. Determine f(-6).
21
Let q(w) = -6*w + 5. Give q(8).
-43
Let t(z) = -26*z**2 + z - 2. Calculate t(2).
-104
Let k(j) = -33*j + 370. Determine k(11).
7
Let o(c) = -c**3 + 5*c**2 + c + 4. Calculate o(3).
25
Let j(d) = -d**2 + 2*d + 5. Determine j(7).
-30
Let r(k) = 2*k**2 + 30*k + 7. Calculate r(-15).
7
Let g(u) = u**3 - 16*u**2 + 2*u + 8. Give g(0).
8
Let b(d) = -7*d + 4. What is b(-3)?
25
Let i(s) = 4*s**2 + 2*s - 2. What is i(1)?
4
Let r(x) = -x**3 - 7*x**2 - 5*x + 5. Determine r(-5).
-20
Let a(x) = 3*x**2 + x - 2. Determine a(-2).
8
Let k(g) = -g**2 - 50*g - 53. Give k(-49).
-4
Let i(n) = -n**3 - 2*n**2 - 3*n + 39. What is i(0)?
39
Let m(h) = 6*h**2 - h - 2. What is m(-1)?
5
Let d(v) = -v**2 - 19*v - 44. Give d(-10).
46
Let r(s) = -2*s - 1. What is r(1)?
-3
Let a(c) = -c**2 - 6*c + 2. Give a(-5).
7
Let c(s) = s**2 - s - 27. Calculate c(0).
-27
Let f(q) = -q**2 - 33*q - 157. Calculate f(-6).
5
Let u(z) = z**2 - 18*z + 26. What is u(11)?
-51
Let s(u) = u + 1. Calculate s(6).
7
Let j(s) = s**2 + 26*s - 45. What is j(-22)?
-133
Let j(b) = -b**2 + 7*b - 11. Calculate j(3).
1
Let q(i) = -8*i**2 - i - 1. Determine q(2).
-35
Let f(g) = g**2 - 25*g + 7. What is f(24)?
-17
Let s(u) = u**3 + 8*u**2 + 10*u + 11. Determine s(-7).
-10
Let y(p) = 2*p**3 - 8*p**2 - 4*p - 3. Give y(6).
117
Let b(l) = -l**2 + 27*l - 24. What is b(26)?
2
Let h(b) = -b**3 - 7*b**2 - 3*b - 12. Calculate h(-7).
9
Let l(v) = v - 7. Calculate l(7).
0
Let b(q) = q**2 - 6*q - 168. Give b(16).
-8
Let m(o) = -o**3 - 6*o**2 + 14*o - 29. What is m(-8)?
-13
Let r(u) = -2*u**2 - 16*u + 6. Give r(-8).
6
Let u(r) = -2*r**2 - 6*r - 7. What is u(-1)?
-3
Let y(r) = r**3 + 15*r**2 - 32*r + 35. Determine y(-17).
1
Let p(x) = -13*x + 8. Give p(-10).
138
Let s(b) = 2*b**3 + 13*b**2 + 8*b - 1. What is s(-6)?
-13
Let k(x) = -x**3 - 16*x**2 - 15*x + 6. Give k(-15).
6
Let c(o) = -o**3 + 23*o**2 + 27*o - 33. Calculate c(24).
39
Let w(o) = o**3 - 9*o**2 + 11*o - 19. Give w(8).
5
Let g(y) = -21*y - 80. Determine g(-4).
4
Let o(k) = -k**3 - 13*k**2 - 5*k - 2. Calculate o(-5).
-177
Let k(c) = -c**3 + c**2. Calculate k(0).
0
Let h(a) = a**2 + 11*a - 62. What is h(4)?
-2
Let x(s) = -s**2 + 17*s - 45. Give x(3).
-3
Let g(c) = -c + 19. Determine g(10).
9
Let v(n) = -37*n + 38. Calculate v(1).
1
Let x(w) = 2*w + 58. What is x(-25)?
8
Let p(d) = -29*d - 4. Give p(1).
-33
Let i(w) = -16*w**2 + w + 2. Give i(-1).
-15
Let s(t) = -11*t**2 + 2*t - 4. Determine s(2).
-44
Let i(q) = -q**3 + 11*q**2 - 8*q - 11. Calculate i(10).
9
Let g(y) = 4*y + 51. What is g(-17)?
-17
Let a(u) = -u - 27. Give a(5).
-32
Let t(m) = m**3 + 11*m**2 - 16*m - 7. What is t(-12)?
41
Let h(x) = -x + 3. Give h(3).
0
Let g(w) = -6*w - 23. Determine g(-4).
1
Let d(y) = 2*y**2 - 3*y + 3. What is d(3)?
12
Let g(s) = 2*s - 1. Determine g(2).
3
Let f(m) = m**2 + 20*m + 13. What is f(-11)?
-86
Let s(r) = r**2 + r - 5. Determine s(0).
-5
Let z(v) = 3*v**2 - 99*v + 7. Determine z(33).
7
Let a(n) = 29*n + 265. Calculate a(-9).
4
Let p(m) = -m**3 - 9*m**2 - 16*m. Give p(-5).
-20
Let r(q) = -2*q**2 - 108*q + 5. What is r(-54)?
5
Let m(h) = h**2 + 2. What is m(-3)?
11
Let o(t) = 3*t**3 + 2*t**2 - 3*t - 2. What is o(-2)?
-12
Let b(v) = 3*v**2 - 4*v + 1. Give b(4).
33
Let x(v) = 9*v - 2. What is x(-4)?
-38
Let w(k) = k**2 + 12*k - 13. Calculate w(-14).
15
Let f(x) = -8*x - 59. Give f(-8).
5
Let h(o) = 2*o**3 - 11*o**2 - 8*o - 2. Give h(6).
-14
Let t(k) = -k + 8. Calculate t(8).
0
Let c(f) = 3*f**3 - 3*f**2 + f - 1. What is c(2)?
13
Let b(k) = k**3 + 9*k**2 + 2*k - 12. Determine b(-9).
-30
Let n(m) = 6*m**3 - m**2 - 2*m - 1. Give n(-1).
-6
Let u(b) = -6*b + 57. Give u(9).
3
Let f(t) = t - 13. Give f(18).
5
Let v(g) = -3*g**3 - 2*g**2 - 2*g. Calculate v(-2).
20
Let d(v) = -v**2 - 10*v + 3. Determine d(-10).
3
Let y(t) = -t - 14. Give y(-11).
-3
Let g(f) = f**3 - 2*f**2 - 4. What is g(3)?
5
Let y(x) = -x**3 - 9*x**2 - 19*x - 25. What is y(-7)?
10
Let p(l) = -l**3 - 11*l**2 + 16*l + 14. What is p(-12)?
-34
Let r(w) = w**2 - 18*w - 14. Give r(18).
-14
Let w(b) = 2*b + 49. Determine w(-14).
21
Let d(v) = 36*v + 216. Calculate d(-6).
0
Let a(h) = 12*h + 2. Give a(-6).
-70
Let v(f) = -f**2 + 21*f + 20. Calculate v(23).
-26
Let c(h) = -h**3 - 4*h - 2. Give c(-3).
37
Let u(h) = h**3 - 15*h**2 + 12*h + 23. What is u(14)?
-5
Let c(l) = -l**2 - 19*l - 10. Determine c(-19).
-10
Let t(l) = l**3 + 2*l**2 - 2*l - 3. Determine t(-4).
-27
Let u(g) = g**3 - 54*g**2 - g + 59. What is u(54)?
5
Let i(w) = 2*w - 52. Give i(27).
2
Let c(j) = 19*j**2 + 16*j - 16. Calculate c(1).
19
Let b(f) = -2*f - 20. Determine b(-14).
8
Let r(n) = n**2 - 18*n + 40. Determine r(14).
-16
Let u(o) = -22*o + 61. Determine u(3).
-5
Let a(y) = -8*y + 27. Calculate a(7).
-29
Let o(x) = -3*x + 3. Determine o(-8).
27
Let z(p) = -p**3 - 4*p**2 + 3*p - 3. What is z(-5)?
7
Let w(l) = l + 1. Give w(6).
7
Let d(y) = -y**2 - 10*y - 1. Calculate d(-10).
-1
Let v(s) = -8*s - 2. Calculate v(-9).
70
Let w(q) = 8*q**2 - 24*q - 25. Calculate w(-1).
7
Let u(n) = 9*n**2 - 3*n - 1. Give u(-2).
41
Let q(k) = k**2 + 4*k + 5. What is q(-2)?
1
Let m(i) = -8*i**2 - 4*i + 2. What is m(-2)?
-22
Let a(t) = t**3 - 8*t**2 + t - 3. Determine a(8).
5
Let p(d) = -d - 5. Give p(-4).
-1
Let w(z) = -z - 9. Calculate w(-8).
-1
Let m(j) = 2*j + 10. Calculate m(-7).
-4
Let n(w) = -w**3 + 4*w - 2. Calculate n(-3).
13
Let m(x) = -x**3 - 13*x**2. Give m(-13).
0
Let h(x) = -x**2 - 15*x + 4. Calculate h(-12).
40
Let j(c) = 6*c + 2. What is j(-1)?
-4
Let z(k) = -24*k - 143. Give z(-5).
-23
Let u(l) = -26*l**2. What is u(-1)?
-26
Let b(f) = -f**3 + 7*f**2 - 10*f - 4. Calculate b(5).
-4
Let z(m) = -3*m**2 - 42*m + 30. What is z(-14)?
30
Let n(l) = l**3 + 9*l**2 + 25*l + 60. Calculate n(-7).
-17
Let v(w) = -3*w**2 + 14*w - 12. What is v(4)?
-4
Let y(z) = -z**3 + 7*z**2 + 2*z + 3. Give y(7).
17
Let g(a) = -a**2 - 13*a - 7. What is g(-13)?
-7
Let x(g) = -g**2 - 10*g + 28. What is x(-12)?
4
Let o(a) = -a + 13. Give o(5).
8
Let k(m) = m**2 + 6*m - 7. Determine k(-9).
20
Let u(l) = -l**2 - 17*l - 25. What is u(-15)?
5
Let o(r) = r**3 - 21*r**2 + 22*r - 48. Calculate o(20).
-8
Let s(w) = 5*w + 171. Determine s(-34).
1
Let l(g) = 2*g**3 + 6*g**2 + 3*g + 11. Give l(-4).
-33
Let x(b) = -b**2 - 11*b - 13. What is x(-10)?
-3
Let m(f) = 5*f - 16. What is m(3)?
-1
Let v(h) = h - 24. Calculate v(14).
-10
Let r(o) = o**2 + 6*o - 10. Calculate r(-9).
17
Let j(c) = 3*c**3 - 3*c**2 + 3. Give j(1).
3
Let t(u) = 3*u - 12. Give t(7).
9
Let i(y) = y**3 - 3*y**2 - 39*y - 18. Determine i(8).
-10
Let f(l) = -6*l - 11. Give f(0).
-11
Let q(t) = -2*t + 26. Determine q(11).
4
Let z(w) = -72*w + 137. What is z(2)?
-7
Let x(y) = -9*y - 287. Give x(-30).
-17
Let v(j) = j**2 + 19*j + 19. What is v(-18)?
1
Let j(k) = -k**2 + 4*k - 4. Determine j(5).
-9
Let h(w) = 6*w + 2. What is h(-2)?
-10
Let s(x) = 2*x**2 + 22*x + 17. Calculate s(-10).
-3
Let u(d) = -d**3 + 8*d**2 - 6*d - 11. Give u(6).